{"id":75140,"date":"2026-09-04T17:17:14","date_gmt":"2026-09-04T14:17:14","guid":{"rendered":"https:\/\/tallinnzoo.ee\/?post_type=event&#038;p=75140"},"modified":"2026-09-04T17:19:59","modified_gmt":"2026-09-04T14:19:59","slug":"koguperesari-elu-loomaaias-2-hooaja-eellinastus","status":"publish","type":"event","link":"https:\/\/tallinnzoo.ee\/fi\/events\/koguperesari-elu-loomaaias-2-hooaja-eellinastus\/","title":{"rendered":"Koguperesarja \u201eElu loomaaias\u201c 2. hooaja eellinastus"},"content":{"rendered":"\n<p class=\"wp-block-paragraph\">Kuidas s\u00fcnnib telesari elust loomaaias? Mis toimub kaamera taga ja loomaaia telgitagustes? <\/p>\n\n\n\n<p class=\"wp-block-paragraph\">Reedel, 11. septembril kell 16 toimub Tallinna loomaaia auditooriumis \u201eElu loomaaias\u201c teise hooaja eellinastus ja vaderite t\u00e4nus\u00fcndmus (kutsetega). Kohal on saate autorid ja loomaaia t\u00f6\u00f6tajad, kes jagavad lugusid saate tegemisest ning tutvustavad nii televisiooni kui ka loomaaia telgitaguseid.<\/p>\n\n\n\n<p class=\"wp-block-paragraph\">S\u00fcndmusel osalemine on TASUTA!<\/p>\n\n\n\n<figure class=\"wp-block-gallery has-nested-images columns-default is-cropped wp-block-gallery-1 is-layout-flex wp-block-gallery-is-layout-flex\">\n<figure class=\"wp-block-image size-large\"><img loading=\"lazy\" decoding=\"async\" width=\"1024\" height=\"576\" data-id=\"75141\" src=\"https:\/\/tallinnzoo.ee\/wp-content\/uploads\/2026\/09\/Elu-loomaaias-S02E01-Jaakarude-maailm-3-1024x576.jpg\" alt=\"\" class=\"wp-image-75141\" srcset=\"https:\/\/tallinnzoo.ee\/wp-content\/uploads\/2026\/09\/Elu-loomaaias-S02E01-Jaakarude-maailm-3-1024x576.jpg 1024w, https:\/\/tallinnzoo.ee\/wp-content\/uploads\/2026\/09\/Elu-loomaaias-S02E01-Jaakarude-maailm-3-300x169.jpg 300w, https:\/\/tallinnzoo.ee\/wp-content\/uploads\/2026\/09\/Elu-loomaaias-S02E01-Jaakarude-maailm-3-768x432.jpg 768w, https:\/\/tallinnzoo.ee\/wp-content\/uploads\/2026\/09\/Elu-loomaaias-S02E01-Jaakarude-maailm-3-1536x864.jpg 1536w, https:\/\/tallinnzoo.ee\/wp-content\/uploads\/2026\/09\/Elu-loomaaias-S02E01-Jaakarude-maailm-3-600x338.jpg 600w, https:\/\/tallinnzoo.ee\/wp-content\/uploads\/2026\/09\/Elu-loomaaias-S02E01-Jaakarude-maailm-3.jpg 1920w\" sizes=\"auto, (max-width: 1024px) 100vw, 1024px\" \/><\/figure>\n\n\n\n<figure class=\"wp-block-image size-large\"><img loading=\"lazy\" decoding=\"async\" width=\"1024\" height=\"576\" data-id=\"75143\" src=\"https:\/\/tallinnzoo.ee\/wp-content\/uploads\/2026\/09\/Elu-loomaaias-S02E01-Jaakarude-maailm-7-1024x576.jpg\" alt=\"\" class=\"wp-image-75143\" srcset=\"https:\/\/tallinnzoo.ee\/wp-content\/uploads\/2026\/09\/Elu-loomaaias-S02E01-Jaakarude-maailm-7-1024x576.jpg 1024w, https:\/\/tallinnzoo.ee\/wp-content\/uploads\/2026\/09\/Elu-loomaaias-S02E01-Jaakarude-maailm-7-300x169.jpg 300w, https:\/\/tallinnzoo.ee\/wp-content\/uploads\/2026\/09\/Elu-loomaaias-S02E01-Jaakarude-maailm-7-768x432.jpg 768w, https:\/\/tallinnzoo.ee\/wp-content\/uploads\/2026\/09\/Elu-loomaaias-S02E01-Jaakarude-maailm-7-1536x864.jpg 1536w, https:\/\/tallinnzoo.ee\/wp-content\/uploads\/2026\/09\/Elu-loomaaias-S02E01-Jaakarude-maailm-7-600x338.jpg 600w, https:\/\/tallinnzoo.ee\/wp-content\/uploads\/2026\/09\/Elu-loomaaias-S02E01-Jaakarude-maailm-7.jpg 1920w\" sizes=\"auto, (max-width: 1024px) 100vw, 1024px\" \/><figcaption class=\"wp-element-caption\">Polaaruurija Timo Palo<\/figcaption><\/figure>\n<\/figure>\n\n\n\n<p class=\"wp-block-paragraph\"><strong>Uue hooaja avaepisood viib j\u00e4\u00e4karude maailma.<\/strong><\/p>\n\n\n\n<p class=\"wp-block-paragraph\">Esimeses episoodis tuleb juttu armastatud j\u00e4\u00e4karu <strong>Rasputini<\/strong> \u00e4ras\u00f5idust Taani ja uute noorte emaste j\u00e4\u00e4karude saabumisest Tallinna loomaaeda. Vaatame l\u00e4hemalt j\u00e4\u00e4karude elu loomaaias ning nende eest hoolitsevate ulukihooldajate t\u00f6\u00f6d ja vahetut suhtlust v\u00f5imsate loomadega.<\/p>\n\n\n\n<p class=\"wp-block-paragraph\">Lisaks avaneb laiem pilt j\u00e4\u00e4karust kui loomast, keda ohustab kliimasoojenemine. Kuninglikust j\u00e4\u00e4karust, maailma suurimast maismaakiskjast r\u00e4\u00e4gib l\u00e4bi isiklike kogemuste tunnustatud polaaruurija <strong>Timo Palo<\/strong>.<\/p>\n\n\n\n<p class=\"wp-block-paragraph\"><strong>\u201eElu loomaaias\u201c 2. hooaeg<\/strong> on ETV eetris alates <strong>12. septembrist laup\u00e4eviti kell 20.00<\/strong>.<\/p>\n\n\n\n<p class=\"wp-block-paragraph\"><strong>Saate autorid:<\/strong> Sander Loite ja Ants Tammik<br><strong>Toimetaja:<\/strong> Sander Loite<br><strong>Re\u017eiss\u00f6\u00f6r:<\/strong> Ants Tammik<br><strong>Montaa\u017eire\u017eiss\u00f6\u00f6r:<\/strong> Patrick Antonjuk<br><strong>Produtsendid:<\/strong> Sander Loite ja Ants Tammik<\/p>\n","protected":false},"featured_media":75145,"template":"","class_list":["post-75140","event","type-event","status-publish","has-post-thumbnail","hentry"],"acf":[],"_links":{"self":[{"href":"https:\/\/tallinnzoo.ee\/fi\/wp-json\/wp\/v2\/event\/75140","targetHints":{"allow":["GET"]}}],"collection":[{"href":"https:\/\/tallinnzoo.ee\/fi\/wp-json\/wp\/v2\/event"}],"about":[{"href":"https:\/\/tallinnzoo.ee\/fi\/wp-json\/wp\/v2\/types\/event"}],"wp:featuredmedia":[{"embeddable":true,"href":"https:\/\/tallinnzoo.ee\/fi\/wp-json\/wp\/v2\/media\/75145"}],"wp:attachment":[{"href":"https:\/\/tallinnzoo.ee\/fi\/wp-json\/wp\/v2\/media?parent=75140"}],"curies":[{"name":"wp","href":"https:\/\/api.w.org\/{rel}","templated":true}]}}

<p class="wp-block-paragraph">Kuidas sünnib telesari elust loomaaias? Mis toimub kaamera taga ja loomaaia telgitagustes? </p>



<p class="wp-block-paragraph">Reedel, 11. septembril kell 16 toimub Tallinna loomaaia auditooriumis „Elu loomaaias“ teise hooaja eellinastus ja vaderite tänusündmus (kutsetega). Kohal on saate autorid ja loomaaia töötajad, kes jagavad lugusid saate tegemisest ning tutvustavad nii televisiooni kui ka loomaaia telgitaguseid.</p>



<p class="wp-block-paragraph">Sündmusel osalemine on TASUTA!</p>



<figure class="wp-block-gallery has-nested-images columns-default is-cropped wp-block-gallery-1 is-layout-flex wp-block-gallery-is-layout-flex">
<figure class="wp-block-image size-large"><img loading="lazy" decoding="async" width="1024" height="576" data-id="75141" src="https://tallinnzoo.ee/wp-content/uploads/2026/09/Elu-loomaaias-S02E01-Jaakarude-maailm-3-1024x576.jpg" alt="" class="wp-image-75141" srcset="https://tallinnzoo.ee/wp-content/uploads/2026/09/Elu-loomaaias-S02E01-Jaakarude-maailm-3-1024x576.jpg 1024w, https://tallinnzoo.ee/wp-content/uploads/2026/09/Elu-loomaaias-S02E01-Jaakarude-maailm-3-300x169.jpg 300w, https://tallinnzoo.ee/wp-content/uploads/2026/09/Elu-loomaaias-S02E01-Jaakarude-maailm-3-768x432.jpg 768w, https://tallinnzoo.ee/wp-content/uploads/2026/09/Elu-loomaaias-S02E01-Jaakarude-maailm-3-1536x864.jpg 1536w, https://tallinnzoo.ee/wp-content/uploads/2026/09/Elu-loomaaias-S02E01-Jaakarude-maailm-3-600x338.jpg 600w, https://tallinnzoo.ee/wp-content/uploads/2026/09/Elu-loomaaias-S02E01-Jaakarude-maailm-3.jpg 1920w" sizes="auto, (max-width: 1024px) 100vw, 1024px" /></figure>



<figure class="wp-block-image size-large"><img loading="lazy" decoding="async" width="1024" height="576" data-id="75143" src="https://tallinnzoo.ee/wp-content/uploads/2026/09/Elu-loomaaias-S02E01-Jaakarude-maailm-7-1024x576.jpg" alt="" class="wp-image-75143" srcset="https://tallinnzoo.ee/wp-content/uploads/2026/09/Elu-loomaaias-S02E01-Jaakarude-maailm-7-1024x576.jpg 1024w, https://tallinnzoo.ee/wp-content/uploads/2026/09/Elu-loomaaias-S02E01-Jaakarude-maailm-7-300x169.jpg 300w, https://tallinnzoo.ee/wp-content/uploads/2026/09/Elu-loomaaias-S02E01-Jaakarude-maailm-7-768x432.jpg 768w, https://tallinnzoo.ee/wp-content/uploads/2026/09/Elu-loomaaias-S02E01-Jaakarude-maailm-7-1536x864.jpg 1536w, https://tallinnzoo.ee/wp-content/uploads/2026/09/Elu-loomaaias-S02E01-Jaakarude-maailm-7-600x338.jpg 600w, https://tallinnzoo.ee/wp-content/uploads/2026/09/Elu-loomaaias-S02E01-Jaakarude-maailm-7.jpg 1920w" sizes="auto, (max-width: 1024px) 100vw, 1024px" /><figcaption class="wp-element-caption">Polaaruurija Timo Palo</figcaption></figure>
</figure>



<p class="wp-block-paragraph"><strong>Uue hooaja avaepisood viib jääkarude maailma.</strong></p>



<p class="wp-block-paragraph">Esimeses episoodis tuleb juttu armastatud jääkaru <strong>Rasputini</strong> ärasõidust Taani ja uute noorte emaste jääkarude saabumisest Tallinna loomaaeda. Vaatame lähemalt jääkarude elu loomaaias ning nende eest hoolitsevate ulukihooldajate tööd ja vahetut suhtlust võimsate loomadega.</p>



<p class="wp-block-paragraph">Lisaks avaneb laiem pilt jääkarust kui loomast, keda ohustab kliimasoojenemine. Kuninglikust jääkarust, maailma suurimast maismaakiskjast räägib läbi isiklike kogemuste tunnustatud polaaruurija <strong>Timo Palo</strong>.</p>



<p class="wp-block-paragraph"><strong>„Elu loomaaias“ 2. hooaeg</strong> on ETV eetris alates <strong>12. septembrist laupäeviti kell 20.00</strong>.</p>



<p class="wp-block-paragraph"><strong>Saate autorid:</strong> Sander Loite ja Ants Tammik<br><strong>Toimetaja:</strong> Sander Loite<br><strong>Režissöör:</strong> Ants Tammik<br><strong>Montaažirežissöör:</strong> Patrick Antonjuk<br><strong>Produtsendid:</strong> Sander Loite ja Ants Tammik</p>
